alse
Suppose 24 = 4*z - 384. Suppose -2*x = -4*x + z. Is x a composite number?
True
Let g(n) = n**2 + 16*n**3 + n + 6 + 0*n**2 + 4*n**2. Let m(i) = -i**3 - i**2 - 1. Let h(a) = -g(a) - 5*m(a). Is h(-1) prime?
True
Suppose 3*w + 4*h - 2*h = 443, 5*w = -3*h + 737. Suppose 0 = 5*u - t - 740, 5*t = 2*u - 128 - w. Is u composite?
False
Let h(r) = 2*r**2 + 9*r - 6. Let k be h(-8). Suppose 4*w + 31 = g + 2*g, -5*w = -5*g + k. Is ((-3)/g)/(3/(-765)) a composite number?
True
Let t be (-2 + -1 - -2)*-1. Let k = 1 - t. Let p(v) = v + 31. Is p(k) composite?
False
Is 1/(-2 + 119/59) a composite number?
False
Let q(v) = -10*v**3 + v**2 - 2*v - 1. Let k be q(2). Let p = k + 57. Let i = 143 + p. Is i a composite number?
True
Let j = -1500 - -2770. Let r = -801 + j. Is r prime?
False
Is 182 - -2*9/6 a prime number?
False
Let y(j) = -j**3 - 4*j**2 - 5*j + 9. Let a(x) = -6*x**3 - 19*x**2 - 26*x + 46. Let h(k) = 2*a(k) - 11*y(k). Suppose 2*i - 6 - 4 = 0. Is h(i) a composite number?
True
Let o = -17 - -20. Suppose 0*z + o*z = 42. Is z a prime number?
False
Let o(t) = -4*t - 5. Let c be o(6). Let f be c - ((-2 - 0) + 0). Let q = f - -58. Is q a composite number?
False
Suppose 8*c + 10 = 3*c. Suppose -5*w + p + 115 = -3*w, 4*w + 4*p - 212 = 0. Is c + w - 2/2 prime?
True
Let w(h) = 38*h**2 - 1. Let x be w(-1). Suppose -2*a - 37 = -o, -a - 4*a - x = -o. Is o composite?
False
Let c(l) = -12*l + 5. Let s be c(-5). Let h = s + -14. Is h a composite number?
True
Let l(i) = 17*i + 1. Is l(18) a prime number?
True
Let i(j) = 8*j**3 - 3*j**2 + 2. Let q be i(2). Let k = 94 - q. Let g = 69 + k. Is g a composite number?
False
Suppose 4*w + 2*t - 6*t - 2228 = 0, 5*w - 2757 = -2*t. Is w a prime number?
False
Let f = 4 - -1. Let l(u) = 2*u**3 - 7*u**2 - 3*u + 7. Is l(f) a prime number?
True
Let r(u) = 5*u - 3. Let p be r(2). Let z(h) = 2*h**2 + 6*h - 9. Let m(o) = o + 1. Let q(t) = 4*m(t) + z(t). Is q(p) prime?
True
Let m(c) = c + 5. Let q be m(-4). Is q - (1 + -3 + -66) composite?
True
Let z = 22 - 19. Suppose 1008 = 4*j + 4*b - z*b, 2*j - 498 = b. Is j a composite number?
False
Let a = 75 + -49. Is a/(-39)*(-88 + 1) a prime number?
False
Let z(s) = -s**2 + 3*s - 3. Let a be z(3). Is 160 + a/3 + 4 composite?
False
Let x(b) = -18*b**3 + b**2 - b - 1. Is x(-1) a composite number?
False
Is 1/(-3) - (-502)/3 a composite number?
False
Let c be -17 + (1 - 3) + 1. Let m = c - -25. Is m composite?
False
Suppose -152 = -5*x + 3*p, 0 = -4*x + 3*x + 5*p + 26. Is x prime?
True
Suppose -p + 0 = 2*m + 16, -4*p + 4*m - 4 = 0. Is ((-106)/p)/(3/9) composite?
False
Is 22/(-2 + 3) - 1 composite?
True
Let f(x) = 4*x**3 - 7*x**2 + 3*x + 5. Is f(4) prime?
False
Let k = 4 + 2. Suppose k*g - 10 = 4*g. Suppose -g*z - r - 3*r = -249, -3*r = -3. Is z a prime number?
False
Is (15/(-3) + 3)/(4/(-598)) a composite number?
True
Let j(z) = -6*z**3 - 4*z**2 - z + 7. Let n(w) = -5*w**3 - 3*w**2 - w + 6. Let h(y) = -2*j(y) + 3*n(y). Is h(-3) a prime number?
True
Let d(r) = 4*r - 3. Let w be d(2). Let y be (w/(-3))/((-1)/45). Let l = y + -40. Is l a composite number?
True
Suppose 19 = q - 2. Suppose -2*u - 28 = 8. Let t = q - u. Is t composite?
True
Let u be (2 + 28)/(-3) - 2. Let b(o) = o**2 + 12*o + 2. Let r be b(u). Suppose 3*w - 5*m - 8 - 27 = 0, -r*w + 24 = -4*m. Is w prime?
False
Let u(l) = 622*l - 8. Is u(3) prime?
False
Suppose 5*k = -3*j + 25, -4*j = -2*j. Let p(n) = n**2 - 5*n + 1. Let l be p(k). Is (1 + l + -1)*10 prime?
False
Is (50/4)/5*4632/20 a composite number?
True
Let o = 150 - 100. Let j = o - 16. Suppose j + 4 = 2*a. Is a composite?
False
Let t(f) = 8*f + 0*f**2 + f**2 - 2*f**2 + 10. Let n be t(8). Is 608/20 - (-6)/n composite?
False
Suppose -2*h - 1765 = -g, 325 = 2*g + h - 3185. Is g a prime number?
False
Let t(m) = m + 533. Let l be t(0). Let i = l + -280. Is i a prime number?
False
Let i be (2 + 0)/(7/28). Suppose i = -4*q + 24. Suppose -q*b = -2*n + 18, -5*n + 5*b = -0*b - 30. Is n a prime number?
True
Suppose 4*c - 651 = -r, 5*c + 1967 = 3*r + 3*c. Is r composite?
True
Suppose -116 - 91 = -3*y. Let w = 196 - y. Is w a composite number?
False
Suppose 4*i = 3*w - 251 - 2292, -5*i + 873 = w. Is w prime?
True
Let u(p) = -p**2 - 7*p - 6. Let b be u(-5). Suppose 273 = b*a - a. Is a prime?
False
Let b be 0*((-15)/6 - -3). Suppose b*g + 3*g = 1893. Is g a composite number?
False
Let k = -6 + 5. Let o be 1/(k - -2)*0. Suppose 3*i - 63 = -o*i. Is i a prime number?
False
Suppose 2*n - 2977 = n - 4*i, 3*n - 8939 = -4*i. Is n prime?
False
Suppose -2*a + 1014 = 4*a. Is a composite?
True
Is 18/(-99) - (-443484)/44 composite?
False
Let d(p) = p**3 + 8*p**2 - 8*p + 4. Let k be d(-9). Let f(i) = 11*i**2 - 5*i + 2. Is f(k) a prime number?
False
Let w = 9 - 7. Suppose -19 - 9 = -w*b. Is b a prime number?
False
Suppose -141 = -3*s - 0*s. Let d = s - 10. Is d a prime number?
True
Suppose -6*z + 78 = 5*p - 4*z, -3*z = -3*p + 51. Suppose 5*d + 1 = -n + p, 4 = -d. Is n a prime number?
False
Let o(t) = 7*t**2 - 14*t + 29. Is o(12) a prime number?
False
Suppose -4*g + 25 = g, 3*h - 580 = -5*g. Is h prime?
False
Let c be (-50)/(-15)*(-282)/(-5). Suppose -m = 3*m - c. Is m a composite number?
False
Let c = -339 + 1598. Is c a composite number?
False
Is -11082*((-3)/(-6))/(-1) a composite number?
True
Is (-330605)/(-22)*4/10 composite?
False
Let u be 4/(-10) - 27/(-5). Suppose -g = g - 4*w + 4, u = 5*w. Suppose -a - 4*a + 108 = -m, -4*a + 5*m + 99 = g. Is a a prime number?
False
Let y = -135 - -542. Is y prime?
False
Suppose 29 - 1136 = -9*q. Is q a composite number?
True
Let k(p) = -10*p. Let f be k(-2). Let w be 1/(-4) + (-55)/f. Let a(s) = -2*s**3 + s. Is a(w) prime?
False
Let l = 405 - 1173. Let d = 1099 + l. Is d composite?
False
Suppose -2*c = -1686 + 644. Is c prime?
True
Suppose 127 - 797 = -5*w. Is w prime?
False
Suppose 5*t = 3*t + 898. Is t composite?
False
Let m = 32 + -27. Suppose -3*d + m*d = -b + 530, 3*b = d - 279. Is d composite?
True
Suppose 2*s = s + 3*f - 2, 4*f = -5*s + 28. Let h = 0 + 0. Suppose 2*p - s*c + c - 42 = h, 4*c - 29 = -3*p. Is p composite?
True
Let y = -1061 - -3310. Is y a composite number?
True
Is (-8 - -10)/((-6)/(-1023)) a prime number?
False
Suppose 20 = -0*h - 5*h. Let s(f) = -2*f - 5. Is s(h) a prime number?
True
Suppose 0 = -2*h + 2*r + 240, -7*h + 4*r + 597 = -2*h. Let s be (49 - -3)*(-1 + 0). Let o = h + s. Is o prime?
False
Suppose -2*r - 56 + 148 = 0. Is r a prime number?
False
Suppose 1996 = 5*w - 1209. Is w prime?
True
Suppose -8 = -8*a + 4*a + 4*g, -14 = -2*a - 3*g. Suppose p - a*t = -2*p + 13, p + t - 9 = 0. Is p a composite number?
False
Let i(a) = 6*a**2 - 2*a - 7. Is i(-3) a prime number?
True
Let m(y) = y**3 - y**2 + y + 1061. Is m(0) prime?
True
Suppose y = 2*y - 4. Suppose -v + 47 = 2*m - y*m, -5*v + 3*m + 242 = 0. Is v a prime number?
False
Let x(g) = 3*g + 1. Let y be x(3). Suppose -3*v + 4*v - y = 0. Suppose -4*w = v - 134. Is w composite?
False
Suppose 3*p + 3 = 3*t, p - 9 = -3*t + 2*p. Let i(y) = t*y**2 + 6 + 4 - 3*y**2 + 4. Is i(0) a composite number?
True
Let g = 8 + -2. Suppose -3*r + 15 = -g. Is r a prime number?
True
Let g(n) = -n**3 + 11*n**2 + 3*n - 10. Let k = -5 + 16. Is g(k) composite?
False
Is -3 + (-9)/(9/(-682)) a prime number?
False
Let g(t) = -36*t**2 - 3*t - 4. Let d(m) = 24*m**2 + 2*m + 3. Let h(a) = 8*d(a) + 5*g(a). Is h(3) composite?
True
Let x = 3 + 0. Suppose -2*f = -3*f + 4, -z + x*f + 57 = 0. Is z a prime number?
False
Suppose 3*v - 2007 = -0*v. Let t = v + -382. Is t a prime number?
False
Let m be (-1)/(-2) - (-130)/(-4). Suppose -p - 105 = -2*j, 7*j + 2*p - 147 = 4*j. Let r = m + j. Is r prime?
True
Suppose 4*r - 4292 = -0*r. Is r prime?
False
Is 1/(-4*5/(-6680)) prime?
False
Suppose -28 = -3*z - z. Let h(t) = 13*t - 8. Let c(j) = 53*j - 32. Let d(p) = -2*c(p) + 9*h(p). Is d(z) a prime number?
False
Let i(l) = l + 371. Is i(0) prime?
False
Let s be 0 - 2*(-2)/2. Suppose -3*l + 2*o = -0*l - 212, 2*l = -s*o + 158. Suppose 0 = d - 3*d + l. Is d a composite number?
False
Let b = 8 - 5. Suppose 4*c - 1 + 8 = z, -b*z - 2*c = 7. Is 33 + z*2*1 composite?
False
Let w(d) = -66*d - 1. Let l(a) = 67*a. Let u(c) = -5*l(c) - 4*w(c). Is u(-3) a composite number?
True
Let v(g) = -45*g + 13. Let p(o) = -o + 1. Let m(b) = 6*p(b) - v(b). Let z be m